ime factors of ((-18)/(-3))/(3/f).
2
Suppose 171869 = 36*g + 27473. What are the prime factors of g?
3, 7, 191
Let h = -7280 - -10442. What are the prime factors of h?
2, 3, 17, 31
Let w be (-3)/3*1*-3. Let r be w*6/9 - 66. Let f = -44 - r. List the prime factors of f.
2, 5
Suppose 0 = 5*j, 6 = 5*m - 2*j - 4. Suppose -9 - 1 = -m*p. Suppose i = -4*c + 30, -2*c - 29 = -p*c - 4*i. List the prime factors of c.
7
Let l be -1 + (-6)/4*-4. Let c(f) be the third derivative of -f**4/12 + 2*f**3 - 314*f**2. What are the prime factors of c(l)?
2
Let l = -199 - -830. List the prime factors of l.
631
Suppose 1 = 4*x - 4*o - 3, x + 1 = 2*o. Suppose -x*h + 4*r + 23 = -1, -2*h + 16 = r. What are the prime factors of h?
2
Suppose -5*y - 4*a + 1460 = 0, 5*y = 2*y + a + 876. Let w = y - 142. List the prime factors of w.
2, 3, 5
Let b = 37 - 35. Suppose 2*f - 29 - 43 = 0. Suppose -b*y = -58 - f. What are the prime factors of y?
47
Suppose -7*f = -2*f + 5. Let b be 5*85 - (f - -2). List the prime factors of (-2)/6 - b/(-12).
5, 7
Suppose 3*j - 6*j - 1707 = -q, -4*q = 3*j - 6828. What are the prime factors of q?
3, 569
Suppose -6*x = 58 + 26. Let h = 64 + x. What are the prime factors of h?
2, 5
Let d(r) = 121*r**3 - 5*r**2 + 5*r + 2. What are the prime factors of d(2)?
2, 3, 5
Suppose 4*x + 3*z = 97 - 40, 2*x + 4*z - 36 = 0. Suppose 3 - x = -3*m. What are the prime factors of m?
3
Let m be (-1 - -2)*(2 + -6). Let n(y) = y**3 + 5*y**2 + 2*y + 2. Let f be n(m). List the prime factors of f/(-4)*(0 - 4).
2, 5
Suppose 3*l = -h - 0*l + 14, 18 = 5*h + 2*l. Suppose -r = -h*i - 118, 0 = 2*r - i - 103 - 133. List the prime factors of r.
2, 59
What are the prime factors of (2115/(-6) + 1)/((-11)/22)?
19, 37
Let b = 14 - 12. Suppose -b*q + 120 = 3*q. What are the prime factors of q?
2, 3
Let z = -9 - -11. Suppose -4*p - 26 = -z*w, -p + 43 = 3*w + 4. What are the prime factors of (-2)/(-1) + w + -3?
2, 3
What are the prime factors of (-2747)/(-5) + -2 + (-68)/170?
547
Let l(w) = -11*w + 7. Let u be l(-3). Let m = 88 + u. What are the prime factors of m?
2
Let k(r) = 5*r + 19. Let g be k(-27). Let d = g + 164. List the prime factors of d.
2, 3
Let a = 849 - 486. Let y = -153 + a. List the prime factors of y.
2, 3, 5, 7
Let m(g) = -g**3 + 15*g**2 - 14*g - 18. Suppose 3*t - 34 = 2*q, -4*t + q + 36 = -4*q. Let i be m(t). Let h = i + 42. What are the prime factors of h?
2, 3
Suppose 0 = -3*i - d + 8, -i = 4*d - 0 - 10. Let z be 2 + -1 - (-10)/i. Let m(t) = 3*t + 7. List the prime factors of m(z).
5
Let u = -4 - -1. Let p be (-1)/((-32)/(-12) + u). What are the prime factors of (8 - 1)*(8 - p)?
5, 7
Suppose 6*u - 2*u - 8 = 0. Let p be (40/16)/((-1)/(-2)). Suppose u*r = -p*h + 193, -2*h + 7*h - 5*r = 165. What are the prime factors of h?
37
What are the prime factors of ((-18765)/(-90))/(0 - 6/(-8))?
2, 139
Let x = -10 + 13. Let w = x - 9. Let q = w - -20. List the prime factors of q.
2, 7
Let q(u) = u**2 + 2*u. Let k be q(-3). Suppose -k*g = 4*g - 63. List the prime factors of g.
3
Let s = 13 + -22. List the prime factors of (-52)/s + 8/36.
2, 3
Let r(d) = 10*d**2. Let n = -10 - -8. Let w be r(n). Let u = w - 21. What are the prime factors of u?
19
Let o(i) = 4*i**2 - 59*i - 79. List the prime factors of o(22).
13, 43
Let f(t) = t**3 + 13*t**2 - 13*t + 17. Let j be f(-14). Suppose j*b - 12 = -2*n, -2*b + 0*b + 8 = -n. Suppose 55 = b*y - 1. What are the prime factors of y?
2, 7
Let n(x) = -x**3 + 6*x**2 + 3. Let i be n(6). Let r(y) = -3 + i - 4*y + 12. What are the prime factors of r(-5)?
2
Suppose y - 7 = 79. Let r = -32 + y. Let t = r - 18. List the prime factors of t.
2, 3
Let q = -25 - -40. Suppose 4*r + q = j + 4*j, 12 = 4*j - 5*r. Suppose -3*a = j*w - 24, 0*a - 3*a - w = -30. What are the prime factors of a?
11
Let o(d) = 6*d**2 - 6*d + 39. What are the prime factors of o(-8)?
3, 157
Suppose 0 = -5*t - y + 5*y - 72, -2*t = y + 21. Let w = t - -39. What are the prime factors of w?
3
Let t(g) = g**3 - 2*g. What are the prime factors of t(3)?
3, 7
Let j = -4 + 21. Let m(z) = z**2 - 17*z + 4. Let v be m(j). List the prime factors of v/2 - 7/(-1).
3
Let c be 0 - (-4 + (-4)/(-2)). Suppose 0 = 2*f - c*l + 7 - 1, -f + 5*l = 19. Suppose 4 = i - f. List the prime factors of i.
5
Suppose 3*h - 9 = 5*q, 0 = q - 5*q + 2*h - 6. Suppose 3*u - 5 = -y, q*u - 3*u - 5 = -4*y. Let r = u + 5. List the prime factors of r.
2, 3
Suppose 939 = 7*h - 937. Let i = h - 80. List the prime factors of i.
2, 47
Suppose 5*w = v - 852, 6*v = 2*v + 2*w + 3426. What are the prime factors of v?
857
Suppose -5*x = -4*x - 123. Let k = 225 - x. What are the prime factors of k?
2, 3, 17
Let j be 1 + -1 - (0 + -2 - 31). Suppose -3*i + 66 + j = 0. List the prime factors of i.
3, 11
Suppose 2*z = 5*z - 6. Suppose 0 = -w + 2*l - z, -w + 6*w - 3*l - 11 = 0. Suppose 4*h - 2*j + w*j = 38, 5*h - 44 = j. What are the prime factors of h?
3
Suppose 0*q = -5*u + 4*q - 16, -10 = 2*u + 2*q. What are the prime factors of u/(-6) - 842/(-6)?
3, 47
Suppose -5*p + 0*a = -3*a + 5, -14 = p + 2*a. Let t(c) = -5*c + 5. What are the prime factors of t(p)?
5
Let h be (-4 - 0)/4*-5. Suppose 0 = 2*i - h*i. Suppose -5 = -g - i. What are the prime factors of g?
5
Let m be (-391)/(-207) + 1/9. What are the prime factors of 33/m*8*(-4)/(-8)?
2, 3, 11
Let x = -140 - -210. Suppose -2*l + 3*z = -x, -4*l = 3*z - 47 - 111. Let b = 84 - l. List the prime factors of b.
2, 23
Let l = 15 + -17. Let h be (3/6)/(l/(-44)). Let z = 68 - h. What are the prime factors of z?
3, 19
Let z = 11 - 9. Suppose -5*h + r + 263 = 0, -3*h = z*h + 5*r - 245. List the prime factors of h.
2, 13
Let a be ((-20)/6)/((-18)/(-27)). List the prime factors of -2 - a - 76/(-8)*10.
2, 7
Let d(g) = -g**2 + 13*g - 8. Let f be d(6). Suppose c - 14 = f. What are the prime factors of c?
2, 3
Let t be (-11 + 12)/((-1)/(-3)). Suppose -3*q - 4*d + t - 17 = 0, q - 2*d = 12. Suppose -17 = -3*b + q*m, -3*b + 2*m = m - 22. What are the prime factors of b?
3
Let u = 2855 - 1520. List the prime factors of u.
3, 5, 89
Suppose -14*k + 1414 = 98. What are the prime factors of k?
2, 47
Let f = 33 - 18. Suppose 3*g = 8*g + f. What are the prime factors of 24/(g + 1 + 3)?
2, 3
Let j(a) = 19*a**2 + a**3 + 0*a**3 - 22*a**2 - 2*a**3 - 3 - a. Let w be j(-3). Suppose 36 = -w*x + 3*x. List the prime factors of x.
2, 3
Suppose 4*k - 16 = 2*k. Suppose 7*x - 11*x + k = 0. Suppose 5*u - x*d = -7*d + 40, -8 = 2*d. What are the prime factors of u?
2, 3
Let p = 192 - 183. What are the prime factors of p?
3
Let h(s) = 12*s**2 - 2*s - 3. Let i be h(-1). Let c = i + 10. Suppose g - 13 = -d, 2*d + 65 = 5*g - c. List the prime factors of g.
2
Let f = 49 + -35. Suppose i + 3*c = f, -4*c = 2*i - 7*c - 10. Suppose -51 = -11*t + i*t. What are the prime factors of t?
17
Let z = -14 + 37. Let h = z - -61. What are the prime factors of h?
2, 3, 7
Let d(f) = -f**2. Let a(t) = -4*t**2 + 14*t + 13. Let s = 8 - 9. Let c(h) = s*a(h) + 3*d(h). List the prime factors of c(15).
2
Let g(i) = -2*i - 11. Let t be 120/(-18) + (-4)/(-6). Let h be g(t). Suppose h = -b + 12. List the prime factors of b.
11
Let g be (-16)/(-88) + 42/11. Suppose -g*d + y = -169, 0 = -0*y - 5*y - 5. Let q = -23 + d. What are the prime factors of q?
19
List the prime factors of (-2 + 1370/6)*6.
2, 7, 97
Suppose 11*h - 116 = 10*h. List the prime factors of h.
2, 29
Let q(z) = -z + 9. Let l(f) = -2*f + 26. Let k(j) = 3*l(j) - 8*q(j). List the prime factors of k(11).
2, 7
Suppose -3*f + 3 = -2*f + b, 2*f = -b + 5. Suppose 4*h - 2*h - 240 = -f*r, 0 = 5*r - 10. What are the prime factors of h?
2, 59
Let y(z) = 9*z - 9. Let d be y(2). Suppose -8*u + d*u = 54. What are the prime factors of u?
2, 3
Let x(m) = 0 + 0*m**3 - m**3 - 16*m**2 + 3 + 17*m. Let i be x(-17). Suppose 0 = i*y - 0*y - 57. List the prime factors of y.
19
Suppose 977 = 5*b + 2*f, 3*b - 2*f - 778 = -b. Suppose 0 = 5*a + 5*g + b, 2*a + 61 = 3*g - 17. What are the prime factors of (-396)/a + 6/(-39)?
2, 5
Suppose 0 = 3*s - 4*o - 3975, 0*s + 5*s + 5*o = 6590. List the prime factors of s.
1321
What are the prime factors of (-1)/(253/(-1008) + 2/8)?
2, 3, 7
Let l(u) = u**3 + 13*u**2 + 3*u - 72. List the prime factors of l(-12).
2, 3
Suppose 0*u + 4 = 2*u. Suppose 11 = -w - 3*t, -u*w - 3*w = -4*t + 17. Le